f - 2*f + d = 0. What is the tens digit of f?
5
Suppose l - 3 = 47. Let x = -74 + l. Let c = 94 + x. What is the tens digit of c?
7
Let k(x) be the second derivative of x**5/20 + 5*x**4/6 + 7*x**3/3 + 9*x**2/2 - x. Suppose -41*c - 5 = -36*c, 31 = -4*g + c. What is the tens digit of k(g)?
2
Suppose -7*n + 427152 = -z, -252*n = -248*n + 3*z - 244069. What is the hundreds digit of n?
0
Let x(m) = m**2 + 16*m - 54. Let f be x(-19). What is the hundreds digit of f - (-87)/(-27) - 11132/(-36)?
3
What is the hundreds digit of 47289/(-6)*(-90)/45?
7
Let u be 5/(35/56) + -3. Let s be (-16)/(-6)*1*15. What is the hundreds digit of u*(-2)/s*-4*111?
1
Suppose -4*w = 2660 + 1488. Let n = -569 - w. What is the tens digit of n?
6
Suppose -307 = 15*v + 1463. Let p = v + 855. What is the units digit of p?
7
Let m(d) = -d**3 + 8*d**2 + 6*d + 7. Let h be m(9). Let c(u) = -17 - 12 - 19*u**2 + 6*u - u**3 + 11*u. What is the units digit of c(h)?
1
Let y be (-574)/28 - ((-21)/(-6))/7. What is the tens digit of 2244/(-4)*35/y?
3
Let j = -330 + 8169. What is the thousands digit of j?
7
Let h(o) = 3*o**2 + 10*o + 15. Suppose -2*w - 2*n + 46 = -4*n, -4*w - 2*n = -86. Suppose 0 = -6*u - 8 - w. What is the tens digit of h(u)?
4
Suppose -29*o + 43 = -15. Suppose -2*h - a + 904 = -0*h, 0 = o*h - a - 908. What is the units digit of h?
3
Suppose -3513*b - 6688266 = -3627*b. What is the tens digit of b?
6
Suppose 16*m = -45 + 77. Suppose -6*h - 2986 = -4*n, -3*h - m*h = -2*n + 1499. What is the units digit of n?
2
Let c be 14/(-77) + (-6)/(-33). Let l(z) = z**2 - 7*z - 6. Let i be l(-5). Suppose c = 27*h - 25*h - i. What is the tens digit of h?
2
Suppose -16*f - 4032 = -18032. Suppose 2*t + 223 = f. What is the units digit of t?
6
Let b(t) = -t + 1. Let v(a) = -a**2 - 3*a + 31. Let n be v(-7). Let o(z) = 3*z**2 + 13*z - 50. Let u(h) = n*b(h) + o(h). What is the units digit of u(-10)?
3
What is the hundreds digit of (-2121)/((1/(-2))/((-171)/(-114)))?
3
Suppose -2*r = 6*r - 64. Suppose 15*b - r = 23*b. What is the tens digit of 9 + -4 - -5 - b*1?
1
Let g(u) = -8*u + 14. Let i(j) = -j + 1. Let k(d) = -g(d) - 3*i(d). Let l be k(4). Suppose 29*f - 384 = l*f. What is the hundreds digit of f?
1
Let g(m) = -3*m**3 - 3*m**2 - 4*m - 6. Let d be g(-2). Suppose -d*o = -37*o + 5681. What is the hundreds digit of o?
2
Suppose 158 = -3*t - 2*m - 2*m, 0 = 5*t - 3*m + 273. Let h = t - -95. Suppose 0 = -r - 27 + h. What is the tens digit of r?
1
Suppose 169810 = -18*o + 382538 + 208472. What is the units digit of o?
0
Suppose 74976 = -762*d + 774*d. What is the hundreds digit of d?
2
Suppose -2*k = -5*h - 0*k - 1, 0 = -3*h + k. Let y(x) = -83*x - 4. Let g(c) = -244*c - 12. Let p(o) = 2*g(o) - 7*y(o). What is the units digit of p(h)?
7
What is the units digit of 193*5/(-10)*(-1 - 1)?
3
Suppose 2 - 22 = 5*y, 4*y = r - 127. Suppose -5*p - 492 = 2*o, 43 = -5*o + 38. Let i = r + p. What is the tens digit of i?
1
Suppose 2*z + 44 = 3*z. Let f = 46 - z. Suppose -f*v + 2*s + 104 = -s, 3*v + 5*s = 156. What is the tens digit of v?
5
Suppose i - 5*a - 27066 = -5584, -5*a - 107410 = -5*i. What is the hundreds digit of i?
4
Suppose 2*r - 237 = -2*r + 5*p, -p = 1. Suppose 0 = 4*d + 3*b - 174, 46*b = -3*d + 50*b + 93. Let m = r + d. What is the units digit of m?
7
Suppose 0 = -17*j - 21*j + 10716. Let u = j + -64. What is the hundreds digit of u?
2
Suppose 0 = -18*q + 625 + 30137. What is the tens digit of q?
0
Let i = -56516 - -81157. What is the units digit of i?
1
Suppose -7*d + 2*k + 47278 = -5*d, 0 = -4*d + 3*k + 94552. What is the thousands digit of d?
3
Let a(r) = 51*r**2 - 6*r - 6. Let k(m) = 97*m**2 - 12*m - 13. Let g(s) = -5*a(s) + 3*k(s). Let l be 1*(-5 - (-2 + -1)). What is the hundreds digit of g(l)?
1
Suppose 10*x + 60 + 630 = 0. What is the tens digit of (63/5)/(x/(-230))?
4
Suppose -26 = -5*d - 3*p, 3*p + 30 = 3*d - 0*p. Suppose -4*r + d = -1. Suppose -5*v + 399 = 4*l, v - 5*l = r*v - 84. What is the tens digit of v?
7
Let n be (-77)/(-22) - 4 - 571/(-2). Suppose -p - r = -283, -62*r = p - 59*r - n. What is the hundreds digit of p?
2
Let n = 95 - 92. Let m = -171 + 271. Suppose f - 68 = -2*i, n*f + i - 94 = m. What is the tens digit of f?
6
Suppose 4*p + 2*h + 56 = 9*p, 53 = 5*p - h. Let z(v) = 19*v**2 - 4*v + 2. Let u be z(4). Suppose 5*r - p*r = -u. What is the tens digit of r?
5
Let j = 5547 + -5064. What is the hundreds digit of j?
4
Let x = 33670 + -31783. What is the thousands digit of x?
1
Let d be (-1161)/(-11 - -20)*3/(-9)*1. Suppose -2*f - 24 = -3*t, 5*f + 4*t = -12 - 94. Let h = d + f. What is the tens digit of h?
2
Suppose 0 = 3*x + 8*n - 4411, 3*x + 2*x - 7315 = 5*n. What is the tens digit of x?
6
Let n(h) = -789*h - 4486. What is the hundreds digit of n(-39)?
2
Let u = -3521 + 11491. What is the hundreds digit of u?
9
Suppose 2*x + 5*q - 116595 = 0, 5*q - 18 = -13. What is the units digit of x?
5
Let s = 1853 - -3096. What is the units digit of s?
9
Suppose 4*b = -10*u + 7*u - 4111, -2*b - 2045 = 5*u. Let d = b - -1754. What is the tens digit of d?
2
Let t = -58 + 302. Let h = t - -200. What is the hundreds digit of h?
4
Suppose 17*u + 66 = 423. Suppose -u*g = 12*g - 9273. What is the tens digit of g?
8
Suppose m - 13355 = p, -2*m + 5*p = -8983 - 17739. What is the thousands digit of m?
3
Let z be 0/((-5)/(-10) - (-35)/10). Suppose -7*a + 756 = -z*a. What is the units digit of a?
8
Let h = -5 + 8. Let w be ((-36)/(-44) - 1) + 1091/11. Suppose a - w = -3*m, -4*a = -h*m - 2*a + 90. What is the units digit of m?
2
Let x(g) = 7*g**3 + g**2 + 20*g + 25. Let i(q) = 20*q**3 + 3*q**2 + 59*q + 73. Let r(b) = -3*i(b) + 8*x(b). What is the tens digit of r(-5)?
4
What is the hundreds digit of (-14797)/(-5) + 70/(-175)?
9
Let q be (-3)/(-4) + 15732/144. Let h = 10 + q. What is the hundreds digit of h?
1
Let j(p) = -p**3 + 19*p**2 + p - 16. Let t be j(19). Let d be (6/9)/(t/(-909)*-2). What is the units digit of (0 - 1)*(-2 - -1)*d?
1
Let k be ((-847)/(-14))/11*214. Suppose k = 13*s - 721. What is the tens digit of s?
4
Suppose 4*q = 5*u - 563, -2*q = -u + 122 - 7. Suppose -5*s + p = -591, p + u = s - p. What is the hundreds digit of s?
1
Suppose 3*f - 4*y = -7, 2*f = -2*f + 2*y + 4. Let p be (105 - 1)*(-2 - -5). Suppose -f*a = 0, -2*x + 4*a = -0*x - p. What is the tens digit of x?
5
Suppose 4*q + 18639 = 5*n, -5*n - 3*q = 2547 - 21179. What is the units digit of n?
7
Suppose 5*x + 22*x + 9300 = 32*x. What is the units digit of x?
0
Suppose 2*h = -3*h - 3*d + 20, -3*d - 8 = -2*h. Let a(q) = 2*q**2 - 4*q + 1. Let j be a(h). What is the units digit of (62/(-5)*1)/(j/(-85))?
2
Let h be -46 - (-12)/8*2. Let t(y) = -5*y**3 + 3*y**2 - 1. Let k be t(2). Let w = k - h. What is the units digit of w?
4
Suppose -161*k + 2059268 = -37*k. What is the hundreds digit of k?
6
What is the ten thousands digit of 6506016/168 - (-6)/(-21)?
3
Let m(r) = -r**3 + 4*r**2 + 3*r + 4. Let g be m(3). Suppose -5*x + 20*u = g*u - 829, 4*u - 8 = 0. What is the hundreds digit of x?
1
Let x be 169519/63 + (-4)/(-18). Suppose 0 = -5*r - 8*r + x. Let j = -138 + r. What is the tens digit of j?
6
Suppose 47*v = 51*v + 2*n - 13766, 5*v - 17197 = n. What is the tens digit of v?
4
Suppose 0 = 3*r + 8*c - 3*c - 586, 5*r + 2*c - 945 = 0. What is the hundreds digit of 17/r - 3464/(-11)?
3
Let j(b) = -b**3 + 14*b**2 + 16*b - 8. Let i be (-2 + -8)*(-3)/2. Let x be j(i). Let t(w) = -w**3 + 9*w**2 + 2*w - 11. What is the tens digit of t(x)?
0
What is the tens digit of (252/(-210) - 1242/40)/(3/(-36))?
8
Let r(a) = 22*a - 4. Suppose 64 = 15*v - 71. What is the hundreds digit of r(v)?
1
Suppose -8 = 2*n, -4*q - 27 = 4*n + 45. Let s(k) = -3*k**3 - 43*k**2 - 15*k + 33. What is the tens digit of s(q)?
4
What is the thousands digit of -3*(1 - (-162150)/(-45))?
0
Suppose 0 = -5*a - 4*u + 108194, 30211 = 3*a - 3*u - 34700. What is the ten thousands digit of a?
2
Let n be 3*1/3*0/(-15 - 23). Let f be ((-2)/4)/(2/(-492)). Let s = f + n. What is the hundreds digit of s?
1
Let m(r) = -103*r + 3690. What is the tens digit of m(-38)?
0
Suppose -128 = -2*r + 4*i, -9*r - 132 = -11*r + 5*i. Suppose 10875 = -r*u + 71*u. What is the units digit of u?
5
Let p(o) = -o**3 + 7*o**2 - 35*o + 349. Let v be p(8). Let l be 1/(-3) + (-615)/(-9). Suppose w = -1